8?
2612
Calculate the greatest common factor of 10871993 and 4948.
1237
Calculate the highest common factor of 19275 and 1877899.
257
Calculate the highest common factor of 5499 and 481923.
117
What is the greatest common divisor of 18118 and 11582?
2
What is the highest common factor of 1296 and 24998832?
144
What is the highest common factor of 16307625 and 12?
3
Calculate the highest common factor of 56 and 2919392.
56
Calculate the highest common divisor of 16111562 and 1.
1
What is the greatest common divisor of 96 and 4439712?
96
What is the greatest common divisor of 14226234 and 27987?
1473
What is the greatest common factor of 38930 and 62507840?
2290
Calculate the highest common divisor of 417 and 32360451.
417
What is the greatest common divisor of 422524 and 2774?
146
Calculate the highest common divisor of 2625025 and 533.
533
What is the greatest common factor of 653345 and 3619?
77
What is the highest common divisor of 2522149 and 315?
7
What is the greatest common factor of 2145804 and 228?
12
What is the greatest common divisor of 1801504 and 11552?
608
What is the highest common divisor of 158970 and 454930?
70
What is the greatest common divisor of 32853812 and 380?
76
What is the greatest common divisor of 575141 and 7084?
7
What is the greatest common divisor of 3857313 and 1542?
771
What is the greatest common factor of 206285232 and 64?
16
What is the highest common factor of 1913058 and 4725?
189
Calculate the highest common factor of 2541 and 85176.
21
What is the highest common factor of 43463 and 1582?
7
Calculate the greatest common divisor of 56204182 and 258.
86
Calculate the greatest common divisor of 18 and 258562.
2
What is the highest common factor of 1831 and 1220385303?
1831
Calculate the greatest common divisor of 140 and 888223.
7
Calculate the highest common factor of 1683 and 6951555.
153
Calculate the highest common factor of 621805 and 116265.
115
What is the highest common factor of 315763 and 175?
7
Calculate the greatest common factor of 6759 and 2774826.
9
What is the greatest common factor of 130 and 363181156?
26
What is the highest common factor of 240201784 and 688?
344
Calculate the highest common factor of 33583 and 25571928.
3053
What is the greatest common divisor of 368616308 and 368?
92
Calculate the highest common factor of 1698 and 104298801.
849
Calculate the greatest common factor of 135203920 and 320.
80
What is the highest common divisor of 272897 and 2981?
271
Calculate the highest common divisor of 3777723 and 72.
9
Calculate the highest common divisor of 1229835 and 324435.
7545
Calculate the highest common divisor of 10 and 3243532.
2
What is the greatest common factor of 38427 and 2751?
3
What is the greatest common factor of 3940 and 246380?
20
Calculate the greatest common divisor of 361 and 4393579.
19
What is the highest common factor of 280 and 1989260?
140
What is the highest common divisor of 1452 and 5035668?
132
Calculate the greatest common factor of 7412 and 123658.
34
What is the highest common factor of 11457 and 1426095?
603
Calculate the highest common divisor of 856 and 4033793.
107
What is the greatest common divisor of 1795833 and 2665?
13
What is the greatest common divisor of 1179883597 and 511?
73
Calculate the highest common divisor of 16073 and 3311.
1
What is the highest common divisor of 8298816 and 960?
192
Calculate the highest common factor of 3260572 and 3652.
332
What is the highest common divisor of 143838 and 103578?
366
Calculate the greatest common divisor of 4866733 and 17877.
59
Calculate the greatest common divisor of 468 and 698932.
52
Calculate the greatest common factor of 147598920 and 210.
210
What is the highest common factor of 88236 and 21640392?
2052
Calculate the highest common factor of 36348 and 4112916.
2796
What is the highest common factor of 618 and 24855857?
103
Calculate the greatest common factor of 1830 and 19367805.
915
Calculate the highest common factor of 777 and 10847919.
111
Calculate the highest common factor of 134189 and 515685.
1109
What is the highest common divisor of 3957345 and 198135?
5355
What is the greatest common divisor of 61928932 and 52?
52
Calculate the greatest common factor of 333840734 and 172.
86
What is the greatest common divisor of 1255 and 7381820?
5
What is the greatest common factor of 219240 and 115080?
840
What is the greatest common factor of 166682205 and 36?
9
What is the highest common divisor of 4510 and 115445?
55
What is the highest common factor of 11228 and 4156766?
802
Calculate the greatest common factor of 102465 and 271975.
1265
Calculate the greatest common divisor of 1929568 and 11288.
136
What is the highest common divisor of 1512 and 67928?
56
What is the greatest common divisor of 7472394 and 34?
2
Calculate the highest common factor of 56 and 56069272.
56
What is the highest common factor of 48 and 111283248?
48
What is the greatest common factor of 27 and 52088694?
3
Calculate the greatest common divisor of 31506188 and 56.
28
What is the greatest common divisor of 319975435 and 455?
65
Calculate the highest common divisor of 12 and 44995137.
3
What is the greatest common factor of 8803206 and 54?
18
What is the highest common factor of 5142 and 205140090?
5142
Calculate the greatest common divisor of 376 and 228022568.
376
What is the highest common factor of 10968 and 48696?
24
What is the highest common divisor of 60 and 24547110?
30
Calculate the greatest common divisor of 720 and 66320.
80
What is the highest common factor of 26189991 and 876?
219
Calculate the greatest common factor of 50222232 and 109368.
2232
What is the highest common divisor of 162317898 and 12?
6
What is the highest common divisor of 21373 and 4374832?
737
Calculate the greatest common divisor of 423 and 602528391.
423
What is the greatest common factor of 13980 and 370144965?
3495
What is the greatest common factor of 339 and 3202081?
113
What is the highest common factor of 1378 and 4787066?
106
What is the greatest common divisor of 134750 and 1176?
98
Calculate the greatest common divisor of 704 and 493488.
16
Calculate the greatest common factor of 36 and 26149192.
4
What is the highest common factor of 63020 and 2323?
23
What is the highest common divisor of 4038 and 487902?
6
Calculate the greatest common factor of 272664 and 133.
7
Calculate the greatest common divisor of 2873 and 15204409.
17
What is the highest common divisor of 6442 and 2108?
2
Calculate the highest common divisor of 2024 and 95728116.
1012
What is the highest common factor of 1452752 and 49147?
833
What is the greatest common divisor of 863832 and 21048?
24
What is the highest common factor of 223972 and 269458?
266
What is the greatest common factor of 624064035 and 105?
105
What is the greatest common factor of 6757 and 276571?
233
Calculate the highest common factor of 105300 and 201500.
1300
Calculate the greatest common divisor of 1799860 and 17980.
620
What is the highest common divisor of 57178295 and 1670?
835
What is the highest common divisor of 65679162 and 67?
67
What is the highest common factor of 513812 and 5125?
41
Calculate the highest common factor of 2431 and 188826.
11
Calculate the highest common divisor of 3086 and 105761849.
1543
What is the greatest common divisor of 50 and 96701630?
10
Calculate the greatest common factor of 89 and 994160171.
89
Calculate the highest common divisor of 257 and 24122020.
257
What is the highest common divisor of 602 and 17664443?
43
Calculate the highest common factor of 33228 and 9266868.
468
Calculate the greatest common factor of 176 and 11941992.
8
What is the greatest common divisor of 2904 and 326632?
8
Calculate the greatest common factor of 322155887 and 57.
19
What is the greatest common divisor of 391188 and 36372?
84
Calculate the highest common factor of 10373534 and 117950.
674
What is the greatest common factor of 5889136 and 704?
176
Calculate the greatest common divisor of 2068 and 3844976.
188
What is the highest common divisor of 324 and 311920848?
108
What is the highest common divisor of 118 and 408683206?
118
Calculate the highest common divisor of 4867460 and 114460.
1940
Calculate the highest common divisor of 73623 and 37781985